{"id":67,"date":"2018-09-26T21:00:04","date_gmt":"2018-09-26T19:00:04","guid":{"rendered":"http:\/\/artmasystem.pl\/artbongarten.de\/?page_id=67"},"modified":"2019-01-16T21:24:40","modified_gmt":"2019-01-16T20:24:40","slug":"bewasserung-den-garten","status":"publish","type":"page","link":"https:\/\/artbongarten.de\/index.php\/bewasserung-den-garten\/","title":{"rendered":"Bew\u00e4sserung von G\u00e4rten"},"content":{"rendered":"<p><img loading=\"lazy\" class=\" wp-image-91\" src=\"http:\/\/artbongarten.de\/wp-content\/uploads\/2018\/09\/AdobeStock_164459503-300x200.jpeg\" alt=\"\" width=\"404\" height=\"269\" srcset=\"https:\/\/artbongarten.de\/wp-content\/uploads\/2018\/09\/AdobeStock_164459503-300x200.jpeg 300w, https:\/\/artbongarten.de\/wp-content\/uploads\/2018\/09\/AdobeStock_164459503-768x512.jpeg 768w, https:\/\/artbongarten.de\/wp-content\/uploads\/2018\/09\/AdobeStock_164459503-1024x683.jpeg 1024w\" sizes=\"(max-width: 404px) 100vw, 404px\" \/><\/p>\n<p class=\"western\" lang=\"de-DE\">Bew\u00e4sserung von G\u00e4rten war noch nie so einfach wie heute. Ein Automat wird die Arbeit f\u00fcr Sie erledigen, w\u00e4hrend Sie in Ihrem Garten ruhen. Wir werden f\u00fcr Sie vollautomatische Bew\u00e4sserungssysteme auf bew\u00e4hrten Komponenten aufbauen, die von Ihrem Telefon aus gesteuert werden k\u00f6nnen.<\/p>\n<p><img loading=\"lazy\" class=\" wp-image-94\" src=\"http:\/\/artbongarten.de\/wp-content\/uploads\/2018\/09\/AdobeStock_68044163-300x199.jpeg\" alt=\"\" width=\"654\" height=\"434\" srcset=\"https:\/\/artbongarten.de\/wp-content\/uploads\/2018\/09\/AdobeStock_68044163-300x199.jpeg 300w, https:\/\/artbongarten.de\/wp-content\/uploads\/2018\/09\/AdobeStock_68044163-768x509.jpeg 768w, https:\/\/artbongarten.de\/wp-content\/uploads\/2018\/09\/AdobeStock_68044163-1024x678.jpeg 1024w\" sizes=\"(max-width: 654px) 100vw, 654px\" \/><\/p>\n","protected":false},"excerpt":{"rendered":"<p>Bew\u00e4sserung von G\u00e4rten war noch nie so einfach wie heute. Ein Automat wird die Arbeit f\u00fcr Sie erledigen, w\u00e4hrend Sie in Ihrem Garten ruhen. Wir werden f\u00fcr Sie vollautomatische Bew\u00e4sserungssysteme auf bew\u00e4hrten Komponenten aufbauen, die von Ihrem Telefon aus gesteuert werden k\u00f6nnen.<\/p>\n","protected":false},"author":1,"featured_media":94,"parent":0,"menu_order":0,"comment_status":"closed","ping_status":"closed","template":"template-no-sidebar.php","meta":[],"_links":{"self":[{"href":"https:\/\/artbongarten.de\/index.php\/wp-json\/wp\/v2\/pages\/67"}],"collection":[{"href":"https:\/\/artbongarten.de\/index.php\/wp-json\/wp\/v2\/pages"}],"about":[{"href":"https:\/\/artbongarten.de\/index.php\/wp-json\/wp\/v2\/types\/page"}],"author":[{"embeddable":true,"href":"https:\/\/artbongarten.de\/index.php\/wp-json\/wp\/v2\/users\/1"}],"replies":[{"embeddable":true,"href":"https:\/\/artbongarten.de\/index.php\/wp-json\/wp\/v2\/comments?post=67"}],"version-history":[{"count":7,"href":"https:\/\/artbongarten.de\/index.php\/wp-json\/wp\/v2\/pages\/67\/revisions"}],"predecessor-version":[{"id":234,"href":"https:\/\/artbongarten.de\/index.php\/wp-json\/wp\/v2\/pages\/67\/revisions\/234"}],"wp:featuredmedia":[{"embeddable":true,"href":"https:\/\/artbongarten.de\/index.php\/wp-json\/wp\/v2\/media\/94"}],"wp:attachment":[{"href":"https:\/\/artbongarten.de\/index.php\/wp-json\/wp\/v2\/media?parent=67"}],"curies":[{"name":"wp","href":"https:\/\/api.w.org\/{rel}","templated":true}]}}