{"id":77,"date":"2018-09-26T21:03:27","date_gmt":"2018-09-26T19:03:27","guid":{"rendered":"http:\/\/artmasystem.pl\/artbongarten.de\/?page_id=77"},"modified":"2019-01-16T21:26:51","modified_gmt":"2019-01-16T20:26:51","slug":"rasen-wie-ein-gruner-teppich","status":"publish","type":"page","link":"https:\/\/artbongarten.de\/index.php\/rasen-wie-ein-gruner-teppich\/","title":{"rendered":"RASEN WIE EIN GR\u00dcNER TEPPICH"},"content":{"rendered":"<p>Der Rasen von der Rolle ist die beste L\u00f6sung, wenn Sie den dichten Rasen in Ihrem Garten so schnell wie m\u00f6glich genie\u00dfen m\u00f6chten. Wie jede Methode hat es seine Vor- und Nachteile. Bevor Sie sich also f\u00fcr den Rasen entscheiden, erfragen Sie die Hilfe eines Spezialisten und denken Sie sorgf\u00e4ltig nach. Die Vorteile sind die schnelle Implementierung und die M\u00f6glichkeit, den Rasen nach 3-4 Wochen nach der Platzierung zu verwenden. Der Nachteil ist die Notwendigkeit einer automatischen Bew\u00e4sserung, um den die Garantie des Auftragnehmers und des Herstellers zu haben.<\/p>\n<p>danach<\/p>\n<p><img loading=\"lazy\" class=\"wp-image-146 aligncenter\" src=\"http:\/\/artbongarten.de\/wp-content\/uploads\/2018\/09\/rolka-po2-300x168.jpg\" alt=\"\" width=\"678\" height=\"380\" srcset=\"https:\/\/artbongarten.de\/wp-content\/uploads\/2018\/09\/rolka-po2-300x168.jpg 300w, https:\/\/artbongarten.de\/wp-content\/uploads\/2018\/09\/rolka-po2-768x429.jpg 768w, https:\/\/artbongarten.de\/wp-content\/uploads\/2018\/09\/rolka-po2-1024x572.jpg 1024w\" sizes=\"(max-width: 678px) 100vw, 678px\" \/><\/p>\n<p>&nbsp;<\/p>\n<p>vorher<\/p>\n<p><img loading=\"lazy\" class=\"wp-image-147 aligncenter\" src=\"http:\/\/artbongarten.de\/wp-content\/uploads\/2018\/09\/rolka-przed-1-300x168.jpg\" alt=\"\" width=\"686\" height=\"384\" srcset=\"https:\/\/artbongarten.de\/wp-content\/uploads\/2018\/09\/rolka-przed-1-300x168.jpg 300w, https:\/\/artbongarten.de\/wp-content\/uploads\/2018\/09\/rolka-przed-1-768x429.jpg 768w, https:\/\/artbongarten.de\/wp-content\/uploads\/2018\/09\/rolka-przed-1-1024x572.jpg 1024w\" sizes=\"(max-width: 686px) 100vw, 686px\" \/><\/p>\n<p>danach<\/p>\n<p><img loading=\"lazy\" class=\"wp-image-149 aligncenter\" src=\"http:\/\/artbongarten.de\/wp-content\/uploads\/2018\/09\/trawnik-po-300x225.jpg\" alt=\"\" width=\"693\" height=\"520\" srcset=\"https:\/\/artbongarten.de\/wp-content\/uploads\/2018\/09\/trawnik-po-300x225.jpg 300w, https:\/\/artbongarten.de\/wp-content\/uploads\/2018\/09\/trawnik-po-768x576.jpg 768w, https:\/\/artbongarten.de\/wp-content\/uploads\/2018\/09\/trawnik-po-1024x768.jpg 1024w\" sizes=\"(max-width: 693px) 100vw, 693px\" \/><\/p>\n<p>vorher<\/p>\n<p><img loading=\"lazy\" class=\"wp-image-150 aligncenter\" src=\"http:\/\/artbongarten.de\/wp-content\/uploads\/2018\/09\/trawnik-przed-300x225.jpg\" alt=\"\" width=\"699\" height=\"524\" srcset=\"https:\/\/artbongarten.de\/wp-content\/uploads\/2018\/09\/trawnik-przed-300x225.jpg 300w, https:\/\/artbongarten.de\/wp-content\/uploads\/2018\/09\/trawnik-przed-768x576.jpg 768w, https:\/\/artbongarten.de\/wp-content\/uploads\/2018\/09\/trawnik-przed-1024x768.jpg 1024w\" sizes=\"(max-width: 699px) 100vw, 699px\" \/><\/p>\n","protected":false},"excerpt":{"rendered":"<p>Der Rasen von der Rolle ist die beste L\u00f6sung, wenn Sie den dichten Rasen in Ihrem Garten so schnell wie m\u00f6glich genie\u00dfen m\u00f6chten. Wie jede Methode hat es seine Vor- und Nachteile. Bevor Sie sich also f\u00fcr den Rasen entscheiden, erfragen Sie die Hilfe eines Spezialisten und denken Sie sorgf\u00e4ltig nach. Die Vorteile sind die schnelle Implementierung und die M\u00f6glichkeit, den Rasen nach 3-4 Wochen nach der Platzierung zu verwenden. Der Nachteil ist die Notwendigkeit einer automatischen Bew\u00e4sserung, um den die Garantie des Auftragnehmers und des Herstellers zu haben. danach &nbsp; vorher danach vorher<\/p>\n","protected":false},"author":1,"featured_media":143,"parent":0,"menu_order":0,"comment_status":"closed","ping_status":"closed","template":"template-no-sidebar.php","meta":[],"_links":{"self":[{"href":"https:\/\/artbongarten.de\/index.php\/wp-json\/wp\/v2\/pages\/77"}],"collection":[{"href":"https:\/\/artbongarten.de\/index.php\/wp-json\/wp\/v2\/pages"}],"about":[{"href":"https:\/\/artbongarten.de\/index.php\/wp-json\/wp\/v2\/types\/page"}],"author":[{"embeddable":true,"href":"https:\/\/artbongarten.de\/index.php\/wp-json\/wp\/v2\/users\/1"}],"replies":[{"embeddable":true,"href":"https:\/\/artbongarten.de\/index.php\/wp-json\/wp\/v2\/comments?post=77"}],"version-history":[{"count":12,"href":"https:\/\/artbongarten.de\/index.php\/wp-json\/wp\/v2\/pages\/77\/revisions"}],"predecessor-version":[{"id":279,"href":"https:\/\/artbongarten.de\/index.php\/wp-json\/wp\/v2\/pages\/77\/revisions\/279"}],"wp:featuredmedia":[{"embeddable":true,"href":"https:\/\/artbongarten.de\/index.php\/wp-json\/wp\/v2\/media\/143"}],"wp:attachment":[{"href":"https:\/\/artbongarten.de\/index.php\/wp-json\/wp\/v2\/media?parent=77"}],"curies":[{"name":"wp","href":"https:\/\/api.w.org\/{rel}","templated":true}]}}